i + y. Let v(j) = 8*j**3 - 4*j + 3. Is v(i) composite?
False
Let r be (3 + -2)/(3/(-3)). Let l(q) = -157*q**3 + q**2 + 2*q + 1. Is l(r) composite?
False
Let u(o) = -3*o**3 - 9*o**2 + o + 1. Let w(n) = 7*n**3 + 19*n**2 - 2*n - 3. Let p(h) = 5*u(h) + 2*w(h). Let z be p(-6). Let f = 80 + z. Is f composite?
False
Let f = 13 - 12. Is f + 92 - (-20)/(-5) a prime number?
True
Let z(i) = 4*i**2 - 24*i - 21. Is z(-10) composite?
False
Is 1/(-2) + (-744)/(-16) a prime number?
False
Let w(j) = j + 83. Is w(0) a prime number?
True
Suppose -4*d = -3*d - 188. Let u = d + -123. Is u a prime number?
False
Let u = 3 - -1. Suppose 2*n + 194 = u*n. Is n a prime number?
True
Let p = -205 - -792. Is p prime?
True
Let w(c) = -c + 7. Suppose 2*g + g = 24. Let j be w(g). Let l = 38 + j. Is l a composite number?
False
Let l(r) = 135*r - 5. Is l(2) a composite number?
True
Suppose 0*f + 16 = 2*f. Let u = f - 1. Is u prime?
True
Let p be (2382/(-9))/(6/(-27)). Is 10/15*p/2 a prime number?
True
Let b(o) = 2*o**2 + 4*o + 5. Let w(g) = -g - 2. Let i be w(2). Let y be b(i). Suppose -y = -3*p + 84. Is p prime?
False
Suppose 5 = 2*q - 3. Suppose 2*u - 233 = -5*b, 2*u - 591 = -3*u - q*b. Is u composite?
True
Suppose 4*n + 3612 = -k + 5*k, -k + 899 = -2*n. Is k a composite number?
False
Let u(x) = -x**2 + 10*x - 1. Let l be u(7). Suppose -5*y = -l + 60. Let p = y + 45. Is p composite?
False
Is 8/2 - (-9328)/16 a prime number?
True
Suppose -10 = 2*l + 3*h, -5*h - 17 = -l + 4*l. Let m be (-2 - (l - 1))*2. Is m/(-12) + 146/3 composite?
True
Suppose -33 - 15 = 4*q. Let b(w) = -w**3 - 4*w**2 - 2*w + 4. Let l be b(-5). Is (l/q)/(1/(-12)) a prime number?
False
Let d(r) = 2*r**3 - 10*r**2 + 17*r - 4. Is d(9) composite?
False
Let v = 242 - 146. Suppose 5*k + 3*s = -240, 0 = 5*k + 2*s + 297 - 62. Let h = k + v. Is h composite?
True
Let i(t) = -3*t**2 - 4*t + t + 4*t**2. Let v be i(3). Suppose v = -5*x, -5*a + 4 + 6 = -5*x. Is a a composite number?
False
Suppose 2*k - 3*o = 14, 2*o = -k - o + 16. Is k*37 - (-2 + 5) prime?
True
Suppose 4*z - i - 2871 = 0, -734 = -z - 2*i - i. Is z prime?
True
Let m be (4/(-10))/((-1)/295). Suppose 3*f + 2 = 17. Suppose 67 + m = f*u. Is u a composite number?
False
Suppose -5*n - 33645 = -5*u, n = 3*u + 2*n - 20195. Is u composite?
True
Let a = 5 + -3. Suppose -3*p = 5*g - 26, 0*g = -a*g + 2*p + 4. Suppose g*l = l + 39. Is l a prime number?
True
Let j(q) = -q + 13. Let s be 1 - -2 - (4 - 1). Is j(s) prime?
True
Suppose -3*l = -i + 9, -i + 0*i = l + 11. Is ((-56)/12)/(i/27) composite?
True
Let c be 2*(-1)/2 + -56. Let f = c + 30. Is (-2)/(-3)*f/(-6) prime?
True
Let m be 6/4*(-7 - -15). Suppose -3*y = -u - m - 30, 2*u - 56 = -4*y. Is y a prime number?
False
Suppose -a + 0*a + 4 = 0. Suppose a*l = 3*l + 46. Suppose 0*n = 2*n - l. Is n a prime number?
True
Let y = 280 - 196. Suppose -4*c + 128 = -y. Is c a composite number?
False
Suppose 3*p - 274 - 260 = 0. Is p composite?
True
Let i(u) = -10*u**2 + 7*u + 3. Let m(c) = -c**2. Let g(w) = -i(w) - 2*m(w). Let j be g(-5). Suppose -7*r + 3*r = -j. Is r a prime number?
True
Let s(i) = -i**3 + 5*i**2 - 2*i - 2. Let y be s(3). Let b(g) = -4*g - g + y - 6*g. Is b(-9) a composite number?
False
Let i = -8 + 14. Suppose -2*p + i = 0, p = -5*k + 16 + 22. Is k a prime number?
True
Let h(l) = l**3 + 2*l**2 - 4*l - 3. Let n be h(-3). Suppose n = -i + 2 - 8. Let k = i - -21. Is k a composite number?
True
Is (8 - 4)*(-337)/(-4) composite?
False
Let b be 0 + -54*(-2)/4. Suppose h - 8 = -2. Let o = b - h. Is o prime?
False
Let t = 248 - 380. Let o = -470 + 705. Let q = o + t. Is q composite?
False
Let g(l) = 508*l**2 - 2*l + 13. Is g(-3) a prime number?
True
Suppose 3*y - 5 - 4 = 0. Suppose 6*a - 6 = y*a. Suppose a*k + 0*k = 254. Is k composite?
False
Let v(d) = 11*d**3 - d**2 + d + 1. Suppose -8*z = -4*z + 40. Let i = z + 12. Is v(i) a composite number?
True
Is -2*(954/(-4) - 12/12) composite?
False
Suppose -4*v = -2*v. Suppose -4*r = -h - 92, 5*h + v*h = -4*r + 92. Is r a prime number?
True
Let h be (-476)/8*-2 - 1. Let v = h + -41. Is v prime?
False
Suppose -723 + 143 = -4*d. Is d a composite number?
True
Suppose -6 = -3*c - 2*k + 41, -4*k = 5*c - 77. Suppose -i + 1 = -c. Let w = 21 + i. Is w prime?
False
Let r(a) = -a - 2. Let q(b) = -2*b - 5. Let i(y) = 2*q(y) - 5*r(y). Suppose t = -4*z + z + 6, -t = -3*z + 6. Is i(z) composite?
False
Suppose 5*h = 3*h - 138. Let f = h + 202. Is f a prime number?
False
Suppose 0*k = 3*k + b - 1544, 5*k - 2*b - 2566 = 0. Is k a composite number?
True
Let t(w) = -81*w**3 - 3*w**2 - w + 3. Is t(-2) a prime number?
True
Suppose 0*v - 5*v = 5*t - 925, 0 = 5*t - 4*v - 889. Let m = 384 - t. Is m composite?
True
Let w = 11 + -9. Suppose -35 = p - w*p. Is p a composite number?
True
Let s be (-1)/4 - 29640/(-32). Suppose 3*z - s = -2*l - 169, 3*z - 15 = 0. Is l a composite number?
True
Suppose 2*r = 7*r. Suppose r = t + 3*t - 212. Is t composite?
False
Let z(y) = 6*y**2 - y - 2. Let x(v) = 5*v**2 - 2*v - 3. Let a(o) = -5*x(o) + 4*z(o). Let g be a(7). Suppose -2*b - 67 = -k - b, g = -b - 2. Is k composite?
True
Suppose 4*j - 5 = -j. Let p be (-9 - j)/(-4 - -2). Suppose -4*k = -0*k + p*w - 232, 0 = -3*w. Is k a composite number?
True
Let v(j) = -2*j**2 + 2 + 86*j**2 - 1. Is v(-1) a composite number?
True
Suppose -6*v - 30 = -2*g - 3*v, 20 = 5*v. Is g a prime number?
False
Let q(c) = 32*c**2 - c. Let z = 7 - 12. Let g be (-2)/(-5) - (-7)/z. Is q(g) prime?
False
Let a(v) = 7*v**2 - 11*v + 43. Is a(10) composite?
True
Let d(b) = b**3 - 5*b**2 + 2*b - 6. Let p be d(5). Suppose -3*i - 77 + 866 = 3*a, 795 = 3*a + 5*i. Suppose 0*s = -p*s + a. Is s a prime number?
False
Let w be (-3)/12 - 6052/(-16). Suppose 5*r - w = 47. Is r composite?
True
Let j(z) = z**3 - 3*z**2 + 6*z - 4. Let m be j(8). Let f = m + -552. Is f/(-5) + (-6)/10 a prime number?
True
Let d(t) be the second derivative of 2*t**3 + 5*t**2/2 + 3*t. Is d(6) a composite number?
True
Suppose -g + 4*g - 9 = -2*a, -3*a = -4*g - 5. Suppose a*o = 4*s - 293, -s + 77 = o + 2*o. Is s a prime number?
False
Let q(w) = w**2 + 3*w + 2. Let y be q(-3). Suppose y*n - 3*o + 3 = -2*n, -5*n - 3*o = -3. Suppose n*p = -p + 37. Is p composite?
False
Let k(b) = -b**2 + 4*b + 2. Let y be k(7). Let d = y - -98. Is d a composite number?
False
Let q(t) = -t**3 - t**2 + 1. Let p be q(0). Let i be p/(9/12)*-3. Let n(r) = 4*r**2 + 2*r - 5. Is n(i) a prime number?
False
Suppose 10*t - 8*t - 382 = 0. Is t a prime number?
True
Suppose -g - 2882 = -4*i + 2*g, 4*i - 2886 = 5*g. Is i a composite number?
False
Let v(a) = -a**3 - 8*a**2 - 8*a + 7. Let b = -19 + 9. Is v(b) a composite number?
True
Let f(h) be the third derivative of -h**6/120 - h**5/15 + 5*h**4/24 - h**3 - h**2. Let s be f(-5). Is ((-159)/s)/((-1)/(-2)) prime?
True
Let g = 4 - 2. Suppose c - g = 1. Is (-46 + c)/((-3)/15) a prime number?
False
Let a = -3 + 3. Suppose 2*b - 74 = -a*b. Is b a prime number?
True
Let c(j) = -j + 4. Let x be c(-5). Let i be (x/(-6))/3*-2. Is 37 - (-1 - (i + -2)) a composite number?
False
Let g(y) = y**3 + 8*y**2 + y + 11. Let o be g(-8). Let v = o - -7. Is v a prime number?
False
Let g(a) = 5*a + 1. Let k be g(-1). Let q(b) = -34*b - 5. Is q(k) a prime number?
True
Let t be (0 + 0)/(-2) - 0. Suppose t = -2*q + 5*a + 12 + 14, 4*q + 2*a - 4 = 0. Let l(d) = -d**3 + 6*d**2 + 3*d - 3. Is l(q) composite?
True
Let q be (5 + -2)/(1 - 0). Suppose -q*j + 6 = -5*j. Is (10/j)/(-2)*39 a composite number?
True
Let t = 1898 - 75. Is t prime?
True
Let u be (1 - 3) + -1 + 4. Let t(g) = 54*g**3 + g**2. Is t(u) a prime number?
False
Suppose -5404 = -2*y - y - j, 4*j + 1797 = y. Is y a prime number?
True
Let g = -17 - -40. Is g a composite number?
False
Let o(y) = -2*y**2 + 12*y - 6. Let q be o(5). Suppose 2108 = 4*a + q*r, -2*r - 643 = -a - 116. Is a prime?
False
Suppose -4*l + 3*l + 59 = -2*n, -4*l + 200 = n. Let v = 30 - l. Let i = 26 - v. Is i composite?
False
Suppose 4*u - 8*u + 1964 = 0. Is u a composite number?
False
Let v(d) = 5*d**2 - d + 1. Is v(9) composite?
False
Let u(s) = 4*s**2 - 7*s + 2. Let a(f) = -5*f**2 + 6*f - 2. Let j(y) = -3*a(y) - 4*u(y). Is j(7) a prime number?
True
Let z = 5 - 3. Suppose -5*n + 4*t + 10 = 0, -2*n + 5*n + z*t - 6 = 0. Suppose -n*s - 265 = -3*s. Is s composite?
True
Le